{"id":226,"date":"2026-02-13T20:05:35","date_gmt":"2026-02-13T20:05:35","guid":{"rendered":"https:\/\/worldreams-studio.fr\/?page_id=226"},"modified":"2026-02-17T19:53:16","modified_gmt":"2026-02-17T19:53:16","slug":"226-2","status":"publish","type":"page","link":"https:\/\/worldreams-studio.fr\/index.php\/226-2\/","title":{"rendered":""},"content":{"rendered":"\n<div class=\"wp-block-group has-global-padding is-layout-constrained wp-block-group-is-layout-constrained\">\n<div class=\"wp-block-group has-global-padding is-layout-constrained wp-block-group-is-layout-constrained\">\n<div class=\"wp-block-columns is-layout-flex wp-container-core-columns-is-layout-28f84493 wp-block-columns-is-layout-flex\">\n<div class=\"wp-block-column is-layout-flow wp-block-column-is-layout-flow\" style=\"flex-basis:33.33%\">\n<figure class=\"wp-block-image size-large\"><img fetchpriority=\"high\" decoding=\"async\" width=\"1024\" height=\"1024\" src=\"http:\/\/worldreams-studio.fr\/wp-content\/uploads\/2026\/02\/photo-de-profil-1024x1024.jpg\" alt=\"\" class=\"wp-image-230\" srcset=\"https:\/\/worldreams-studio.fr\/wp-content\/uploads\/2026\/02\/photo-de-profil-1024x1024.jpg 1024w, https:\/\/worldreams-studio.fr\/wp-content\/uploads\/2026\/02\/photo-de-profil-300x300.jpg 300w, https:\/\/worldreams-studio.fr\/wp-content\/uploads\/2026\/02\/photo-de-profil-150x150.jpg 150w, https:\/\/worldreams-studio.fr\/wp-content\/uploads\/2026\/02\/photo-de-profil-768x768.jpg 768w, https:\/\/worldreams-studio.fr\/wp-content\/uploads\/2026\/02\/photo-de-profil-1536x1536.jpg 1536w, https:\/\/worldreams-studio.fr\/wp-content\/uploads\/2026\/02\/photo-de-profil.jpg 2048w\" sizes=\"(max-width: 1024px) 100vw, 1024px\" \/><\/figure>\n\n\n\n<p class=\"has-medium-font-size\">Pour le logo, \u00e0 l&rsquo;aide d&rsquo;un prompt et en se baissant sur la banni\u00e8re ci-dessus, j&rsquo;ai obtenu ce logo apr\u00e8s plusieurs essais<\/p>\n<\/div>\n\n\n\n<div class=\"wp-block-column is-layout-flow wp-block-column-is-layout-flow\" style=\"flex-basis:66.66%\">\n<h2 class=\"wp-block-heading\">Chaine Youtube Odyss\u00e9e Sauvage (100% IA)<\/h2>\n\n\n\n<figure class=\"wp-block-image size-large\"><img decoding=\"async\" width=\"1024\" height=\"434\" src=\"http:\/\/worldreams-studio.fr\/wp-content\/uploads\/2026\/02\/banniere-1024x434.jpg\" alt=\"\" class=\"wp-image-229\" srcset=\"https:\/\/worldreams-studio.fr\/wp-content\/uploads\/2026\/02\/banniere-1024x434.jpg 1024w, https:\/\/worldreams-studio.fr\/wp-content\/uploads\/2026\/02\/banniere-300x127.jpg 300w, https:\/\/worldreams-studio.fr\/wp-content\/uploads\/2026\/02\/banniere-768x326.jpg 768w, https:\/\/worldreams-studio.fr\/wp-content\/uploads\/2026\/02\/banniere-1536x652.jpg 1536w, https:\/\/worldreams-studio.fr\/wp-content\/uploads\/2026\/02\/banniere-2048x869.jpg 2048w\" sizes=\"(max-width: 1024px) 100vw, 1024px\" \/><\/figure>\n\n\n\n<p class=\"has-medium-font-size\">Cr\u00e9ation personnelle d&rsquo;une cha\u00eene YouTube sur les insectes et les animaux<\/p>\n\n\n\n<p class=\"has-medium-font-size\">La nature comme vous ne l&rsquo;avez jamais vue. Odyss\u00e9e Sauvage vous plonge dans le monde fascinant des animaux et des insectes. Du macroscopique au gigantisme, d\u00e9couvrez la beaut\u00e9 brutale et les histoires incroyables de la faune sauvage.<\/p>\n<\/div>\n<\/div>\n<\/div>\n<\/div>\n\n\n\n<hr class=\"wp-block-separator has-alpha-channel-opacity\"\/>\n\n\n\n<div class=\"wp-block-group alignfull has-text-color has-background is-layout-flow wp-block-group-is-layout-flow\" style=\"color:#000000;background-color:#ffffff\">\n<h4 class=\"wp-block-heading has-text-align-center\" id=\"schedule-a-visit\" style=\"font-size:clamp(15.747px, 0.984rem + ((1vw - 3.2px) * 0.764), 24px);line-height:1.15\"><strong>Chaine Youtube Odyss\u00e9e Sauvage<\/strong><\/h4>\n\n\n\n<div class=\"wp-block-buttons is-horizontal is-content-justification-center is-layout-flex wp-container-core-buttons-is-layout-03627597 wp-block-buttons-is-layout-flex\">\n<div class=\"wp-block-button\"><a class=\"wp-block-button__link wp-element-button\" href=\"https:\/\/www.youtube.com\/@Odyssee-Sauvage\" target=\"_blank\" rel=\"noreferrer noopener\">Liende la chaine<\/a><\/div>\n<\/div>\n<\/div>\n\n\n\n<hr class=\"wp-block-separator has-text-color has-accent-5-color has-alpha-channel-opacity has-accent-5-background-color has-background is-style-wide is-style-wide--1\" style=\"margin-top:var(--wp--preset--spacing--50);margin-bottom:var(--wp--preset--spacing--50)\"\/>\n\n\n\n<div class=\"wp-block-group has-global-padding is-layout-constrained wp-block-group-is-layout-constrained\">\n<div class=\"wp-block-columns is-layout-flex wp-container-core-columns-is-layout-28f84493 wp-block-columns-is-layout-flex\">\n<div class=\"wp-block-column is-layout-flow wp-block-column-is-layout-flow\" style=\"flex-basis:66.66%\">\n<h2 class=\"wp-block-heading\">Chaine Youtube MiamMiamCuisine<\/h2>\n\n\n\n<figure class=\"wp-block-image size-large\"><img decoding=\"async\" width=\"1024\" height=\"683\" src=\"http:\/\/worldreams-studio.fr\/wp-content\/uploads\/2026\/02\/YouTube-banner-in-a--1024x683.png\" alt=\"\" class=\"wp-image-250\" srcset=\"https:\/\/worldreams-studio.fr\/wp-content\/uploads\/2026\/02\/YouTube-banner-in-a--1024x683.png 1024w, https:\/\/worldreams-studio.fr\/wp-content\/uploads\/2026\/02\/YouTube-banner-in-a--300x200.png 300w, https:\/\/worldreams-studio.fr\/wp-content\/uploads\/2026\/02\/YouTube-banner-in-a--768x512.png 768w, https:\/\/worldreams-studio.fr\/wp-content\/uploads\/2026\/02\/YouTube-banner-in-a-.png 1536w\" sizes=\"(max-width: 1024px) 100vw, 1024px\" \/><\/figure>\n<\/div>\n\n\n\n<div class=\"wp-block-column is-layout-flow wp-block-column-is-layout-flow\" style=\"flex-basis:33.33%\">\n<figure class=\"wp-block-image size-full\"><img loading=\"lazy\" decoding=\"async\" width=\"1024\" height=\"1024\" src=\"http:\/\/worldreams-studio.fr\/wp-content\/uploads\/2026\/02\/Gemini_Generated_Image_2zlsfe2zlsfe2zls.png\" alt=\"\" class=\"wp-image-251\" srcset=\"https:\/\/worldreams-studio.fr\/wp-content\/uploads\/2026\/02\/Gemini_Generated_Image_2zlsfe2zlsfe2zls.png 1024w, https:\/\/worldreams-studio.fr\/wp-content\/uploads\/2026\/02\/Gemini_Generated_Image_2zlsfe2zlsfe2zls-300x300.png 300w, https:\/\/worldreams-studio.fr\/wp-content\/uploads\/2026\/02\/Gemini_Generated_Image_2zlsfe2zlsfe2zls-150x150.png 150w, https:\/\/worldreams-studio.fr\/wp-content\/uploads\/2026\/02\/Gemini_Generated_Image_2zlsfe2zlsfe2zls-768x768.png 768w\" sizes=\"(max-width: 1024px) 100vw, 1024px\" \/><\/figure>\n\n\n\n<p class=\"has-medium-font-size\">Mon choix se porte sur un logo simple, \u00e9pur\u00e9 mais accrocheur par le texte. On utilise souvent le mot &lsquo;MiamMiam&rsquo; lorsqu&rsquo;on d\u00e9guste quelque chose de d\u00e9licieux, ou lorsqu&rsquo;il suscite l&rsquo;envie de le d\u00e9guster visuellement.<\/p>\n<\/div>\n<\/div>\n<\/div>\n\n\n\n<div class=\"wp-block-group alignfull has-text-color has-background is-layout-flow wp-block-group-is-layout-flow\" style=\"color:#000000;background-color:#ffffff\">\n<h4 class=\"wp-block-heading has-text-align-center\" id=\"schedule-a-visit\" style=\"font-size:clamp(19.481px, 1.218rem + ((1vw - 3.2px) * 1.067), 31px);line-height:1.15\"><strong>Chaine Youtube MiamMiamCuisine<\/strong><\/h4>\n\n\n\n<div class=\"wp-block-buttons is-horizontal is-content-justification-center is-layout-flex wp-container-core-buttons-is-layout-03627597 wp-block-buttons-is-layout-flex\">\n<div class=\"wp-block-button has-custom-width wp-block-button__width-25 is-style-default\"><a class=\"wp-block-button__link has-text-color has-background wp-element-button\" href=\"https:\/\/www.youtube.com\/@MiamMiamCuisine\" style=\"border-radius:50px;color:#ffffff;background-color:#000000\">Lien de la chaine<\/a><\/div>\n<\/div>\n<\/div>\n\n\n\n<div class=\"wp-block-buttons is-layout-flex wp-block-buttons-is-layout-flex\"><\/div>\n\n\n\n<p><\/p>\n","protected":false},"excerpt":{"rendered":"<p>Pour le logo, \u00e0 l&rsquo;aide d&rsquo;un prompt et en se baissant sur la banni\u00e8re ci-dessus, j&rsquo;ai obtenu ce logo apr\u00e8s plusieurs essais Chaine Youtube Odyss\u00e9e Sauvage (100% IA) Cr\u00e9ation personnelle d&rsquo;une cha\u00eene YouTube sur les insectes et les animaux La nature comme vous ne l&rsquo;avez jamais vue. Odyss\u00e9e Sauvage vous plonge dans le monde fascinant [&hellip;]<\/p>\n","protected":false},"author":1,"featured_media":0,"parent":0,"menu_order":0,"comment_status":"closed","ping_status":"closed","template":"","meta":{"_zb_attr":"","zolo_post_video_link":"","footnotes":""},"class_list":["post-226","page","type-page","status-publish","hentry"],"yoast_head":"<!-- This site is optimized with the Yoast SEO plugin v27.1.1 - https:\/\/yoast.com\/product\/yoast-seo-wordpress\/ -->\n<title>- Damien Lecoeuche<\/title>\n<meta name=\"robots\" content=\"index, follow, max-snippet:-1, max-image-preview:large, max-video-preview:-1\" \/>\n<link rel=\"canonical\" href=\"https:\/\/worldreams-studio.fr\/index.php\/226-2\/\" \/>\n<meta property=\"og:locale\" content=\"fr_FR\" \/>\n<meta property=\"og:type\" content=\"article\" \/>\n<meta property=\"og:title\" content=\"- Damien Lecoeuche\" \/>\n<meta property=\"og:description\" content=\"Pour le logo, \u00e0 l&rsquo;aide d&rsquo;un prompt et en se baissant sur la banni\u00e8re ci-dessus, j&rsquo;ai obtenu ce logo apr\u00e8s plusieurs essais Chaine Youtube Odyss\u00e9e Sauvage (100% IA) Cr\u00e9ation personnelle d&rsquo;une cha\u00eene YouTube sur les insectes et les animaux La nature comme vous ne l&rsquo;avez jamais vue. Odyss\u00e9e Sauvage vous plonge dans le monde fascinant [&hellip;]\" \/>\n<meta property=\"og:url\" content=\"https:\/\/worldreams-studio.fr\/index.php\/226-2\/\" \/>\n<meta property=\"og:site_name\" content=\"Damien Lecoeuche\" \/>\n<meta property=\"article:modified_time\" content=\"2026-02-17T19:53:16+00:00\" \/>\n<meta property=\"og:image\" content=\"http:\/\/worldreams-studio.fr\/wp-content\/uploads\/2026\/02\/photo-de-profil-1024x1024.jpg\" \/>\n<meta name=\"twitter:card\" content=\"summary_large_image\" \/>\n<meta name=\"twitter:label1\" content=\"Dur\u00e9e de lecture estim\u00e9e\" \/>\n\t<meta name=\"twitter:data1\" content=\"1 minute\" \/>\n<script type=\"application\/ld+json\" class=\"yoast-schema-graph\">{\"@context\":\"https:\/\/schema.org\",\"@graph\":[{\"@type\":\"WebPage\",\"@id\":\"https:\/\/worldreams-studio.fr\/index.php\/226-2\/\",\"url\":\"https:\/\/worldreams-studio.fr\/index.php\/226-2\/\",\"name\":\"- Damien Lecoeuche\",\"isPartOf\":{\"@id\":\"https:\/\/worldreams-studio.fr\/#website\"},\"primaryImageOfPage\":{\"@id\":\"https:\/\/worldreams-studio.fr\/index.php\/226-2\/#primaryimage\"},\"image\":{\"@id\":\"https:\/\/worldreams-studio.fr\/index.php\/226-2\/#primaryimage\"},\"thumbnailUrl\":\"http:\/\/worldreams-studio.fr\/wp-content\/uploads\/2026\/02\/photo-de-profil-1024x1024.jpg\",\"datePublished\":\"2026-02-13T20:05:35+00:00\",\"dateModified\":\"2026-02-17T19:53:16+00:00\",\"inLanguage\":\"fr-FR\",\"potentialAction\":[{\"@type\":\"ReadAction\",\"target\":[\"https:\/\/worldreams-studio.fr\/index.php\/226-2\/\"]}]},{\"@type\":\"ImageObject\",\"inLanguage\":\"fr-FR\",\"@id\":\"https:\/\/worldreams-studio.fr\/index.php\/226-2\/#primaryimage\",\"url\":\"https:\/\/worldreams-studio.fr\/wp-content\/uploads\/2026\/02\/photo-de-profil.jpg\",\"contentUrl\":\"https:\/\/worldreams-studio.fr\/wp-content\/uploads\/2026\/02\/photo-de-profil.jpg\",\"width\":2048,\"height\":2048},{\"@type\":\"WebSite\",\"@id\":\"https:\/\/worldreams-studio.fr\/#website\",\"url\":\"https:\/\/worldreams-studio.fr\/\",\"name\":\"WorldDreams Studio\",\"description\":\"\",\"publisher\":{\"@id\":\"https:\/\/worldreams-studio.fr\/#organization\"},\"potentialAction\":[{\"@type\":\"SearchAction\",\"target\":{\"@type\":\"EntryPoint\",\"urlTemplate\":\"https:\/\/worldreams-studio.fr\/?s={search_term_string}\"},\"query-input\":{\"@type\":\"PropertyValueSpecification\",\"valueRequired\":true,\"valueName\":\"search_term_string\"}}],\"inLanguage\":\"fr-FR\"},{\"@type\":\"Organization\",\"@id\":\"https:\/\/worldreams-studio.fr\/#organization\",\"name\":\"Graphiste 2D\/3D\",\"url\":\"https:\/\/worldreams-studio.fr\/\",\"logo\":{\"@type\":\"ImageObject\",\"inLanguage\":\"fr-FR\",\"@id\":\"https:\/\/worldreams-studio.fr\/#\/schema\/logo\/image\/\",\"url\":\"https:\/\/worldreams-studio.fr\/wp-content\/uploads\/2026\/01\/Logo_Worldreams_Studio-scaled.png\",\"contentUrl\":\"https:\/\/worldreams-studio.fr\/wp-content\/uploads\/2026\/01\/Logo_Worldreams_Studio-scaled.png\",\"width\":2560,\"height\":715,\"caption\":\"Graphiste 2D\/3D\"},\"image\":{\"@id\":\"https:\/\/worldreams-studio.fr\/#\/schema\/logo\/image\/\"}}]}<\/script>\n<!-- \/ Yoast SEO plugin. -->","yoast_head_json":{"title":"- Damien Lecoeuche","robots":{"index":"index","follow":"follow","max-snippet":"max-snippet:-1","max-image-preview":"max-image-preview:large","max-video-preview":"max-video-preview:-1"},"canonical":"https:\/\/worldreams-studio.fr\/index.php\/226-2\/","og_locale":"fr_FR","og_type":"article","og_title":"- Damien Lecoeuche","og_description":"Pour le logo, \u00e0 l&rsquo;aide d&rsquo;un prompt et en se baissant sur la banni\u00e8re ci-dessus, j&rsquo;ai obtenu ce logo apr\u00e8s plusieurs essais Chaine Youtube Odyss\u00e9e Sauvage (100% IA) Cr\u00e9ation personnelle d&rsquo;une cha\u00eene YouTube sur les insectes et les animaux La nature comme vous ne l&rsquo;avez jamais vue. Odyss\u00e9e Sauvage vous plonge dans le monde fascinant [&hellip;]","og_url":"https:\/\/worldreams-studio.fr\/index.php\/226-2\/","og_site_name":"Damien Lecoeuche","article_modified_time":"2026-02-17T19:53:16+00:00","og_image":[{"url":"http:\/\/worldreams-studio.fr\/wp-content\/uploads\/2026\/02\/photo-de-profil-1024x1024.jpg","type":"","width":"","height":""}],"twitter_card":"summary_large_image","twitter_misc":{"Dur\u00e9e de lecture estim\u00e9e":"1 minute"},"schema":{"@context":"https:\/\/schema.org","@graph":[{"@type":"WebPage","@id":"https:\/\/worldreams-studio.fr\/index.php\/226-2\/","url":"https:\/\/worldreams-studio.fr\/index.php\/226-2\/","name":"- Damien Lecoeuche","isPartOf":{"@id":"https:\/\/worldreams-studio.fr\/#website"},"primaryImageOfPage":{"@id":"https:\/\/worldreams-studio.fr\/index.php\/226-2\/#primaryimage"},"image":{"@id":"https:\/\/worldreams-studio.fr\/index.php\/226-2\/#primaryimage"},"thumbnailUrl":"http:\/\/worldreams-studio.fr\/wp-content\/uploads\/2026\/02\/photo-de-profil-1024x1024.jpg","datePublished":"2026-02-13T20:05:35+00:00","dateModified":"2026-02-17T19:53:16+00:00","inLanguage":"fr-FR","potentialAction":[{"@type":"ReadAction","target":["https:\/\/worldreams-studio.fr\/index.php\/226-2\/"]}]},{"@type":"ImageObject","inLanguage":"fr-FR","@id":"https:\/\/worldreams-studio.fr\/index.php\/226-2\/#primaryimage","url":"https:\/\/worldreams-studio.fr\/wp-content\/uploads\/2026\/02\/photo-de-profil.jpg","contentUrl":"https:\/\/worldreams-studio.fr\/wp-content\/uploads\/2026\/02\/photo-de-profil.jpg","width":2048,"height":2048},{"@type":"WebSite","@id":"https:\/\/worldreams-studio.fr\/#website","url":"https:\/\/worldreams-studio.fr\/","name":"WorldDreams Studio","description":"","publisher":{"@id":"https:\/\/worldreams-studio.fr\/#organization"},"potentialAction":[{"@type":"SearchAction","target":{"@type":"EntryPoint","urlTemplate":"https:\/\/worldreams-studio.fr\/?s={search_term_string}"},"query-input":{"@type":"PropertyValueSpecification","valueRequired":true,"valueName":"search_term_string"}}],"inLanguage":"fr-FR"},{"@type":"Organization","@id":"https:\/\/worldreams-studio.fr\/#organization","name":"Graphiste 2D\/3D","url":"https:\/\/worldreams-studio.fr\/","logo":{"@type":"ImageObject","inLanguage":"fr-FR","@id":"https:\/\/worldreams-studio.fr\/#\/schema\/logo\/image\/","url":"https:\/\/worldreams-studio.fr\/wp-content\/uploads\/2026\/01\/Logo_Worldreams_Studio-scaled.png","contentUrl":"https:\/\/worldreams-studio.fr\/wp-content\/uploads\/2026\/01\/Logo_Worldreams_Studio-scaled.png","width":2560,"height":715,"caption":"Graphiste 2D\/3D"},"image":{"@id":"https:\/\/worldreams-studio.fr\/#\/schema\/logo\/image\/"}}]}},"_links":{"self":[{"href":"https:\/\/worldreams-studio.fr\/index.php\/wp-json\/wp\/v2\/pages\/226","targetHints":{"allow":["GET"]}}],"collection":[{"href":"https:\/\/worldreams-studio.fr\/index.php\/wp-json\/wp\/v2\/pages"}],"about":[{"href":"https:\/\/worldreams-studio.fr\/index.php\/wp-json\/wp\/v2\/types\/page"}],"author":[{"embeddable":true,"href":"https:\/\/worldreams-studio.fr\/index.php\/wp-json\/wp\/v2\/users\/1"}],"replies":[{"embeddable":true,"href":"https:\/\/worldreams-studio.fr\/index.php\/wp-json\/wp\/v2\/comments?post=226"}],"version-history":[{"count":10,"href":"https:\/\/worldreams-studio.fr\/index.php\/wp-json\/wp\/v2\/pages\/226\/revisions"}],"predecessor-version":[{"id":256,"href":"https:\/\/worldreams-studio.fr\/index.php\/wp-json\/wp\/v2\/pages\/226\/revisions\/256"}],"wp:attachment":[{"href":"https:\/\/worldreams-studio.fr\/index.php\/wp-json\/wp\/v2\/media?parent=226"}],"curies":[{"name":"wp","href":"https:\/\/api.w.org\/{rel}","templated":true}]}}